{"id":257,"date":"2025-08-06T02:48:37","date_gmt":"2025-08-06T05:48:37","guid":{"rendered":"https:\/\/bekmar.com.uy\/?page_id=257"},"modified":"2025-08-06T02:48:39","modified_gmt":"2025-08-06T05:48:39","slug":"alimentos","status":"publish","type":"page","link":"https:\/\/bekmar.com.uy\/?page_id=257","title":{"rendered":"Alimentos"},"content":{"rendered":"\n<p><a href=\"#pagnifique\">Pagnifique<\/a> &#8211; <a href=\"#punta-ballena\">Punta Ballena<\/a><\/p>\n\n\n\n<div class=\"wp-block-columns is-layout-flex wp-container-core-columns-is-layout-28f84493 wp-block-columns-is-layout-flex\">\n<div class=\"wp-block-column is-layout-flow wp-block-column-is-layout-flow\" style=\"flex-basis:66.66%\">\n<figure class=\"wp-block-image size-large\"><img loading=\"lazy\" decoding=\"async\" width=\"1024\" height=\"450\" src=\"https:\/\/bekmar.com.uy\/wp-content\/uploads\/2025\/08\/sliderpagni.jpg-1024x450.png\" alt=\"\" class=\"wp-image-246\" srcset=\"https:\/\/bekmar.com.uy\/wp-content\/uploads\/2025\/08\/sliderpagni.jpg-1024x450.png 1024w, https:\/\/bekmar.com.uy\/wp-content\/uploads\/2025\/08\/sliderpagni.jpg-300x132.png 300w, https:\/\/bekmar.com.uy\/wp-content\/uploads\/2025\/08\/sliderpagni.jpg-768x337.png 768w, https:\/\/bekmar.com.uy\/wp-content\/uploads\/2025\/08\/sliderpagni.jpg-1536x675.png 1536w, https:\/\/bekmar.com.uy\/wp-content\/uploads\/2025\/08\/sliderpagni.jpg-600x264.png 600w, https:\/\/bekmar.com.uy\/wp-content\/uploads\/2025\/08\/sliderpagni.jpg.png 1657w\" sizes=\"auto, (max-width: 1024px) 100vw, 1024px\" \/><\/figure>\n<\/div>\n\n\n\n<div class=\"wp-block-column is-layout-flow wp-block-column-is-layout-flow\" style=\"flex-basis:33.33%\">\n<h2 class=\"wp-block-heading\" id=\"pagnifique\">Pagnifique<\/h2>\n\n\n\n<p>Desde cl\u00e1sicas <strong>baguettes y panes franceses<\/strong> hasta l\u00edneas <strong>integrales y rebanadas<\/strong>, m\u00e1s <strong>panes tiernos<\/strong> para s\u00e1ndwiches, <strong>bizcochos y medialunas<\/strong> para la merienda y <strong>especialidades<\/strong> dulces y saladas (muffins, strudel, donuts, galletas, empanadas). Variedad, practicidad y calidad constante para tu punto de venta.<\/p>\n\n\n\n<div class=\"wp-block-file\"><a id=\"wp-block-file--media-69827b8c-207f-46f6-b9c6-74becc8cfa03\" href=\"http:\/\/bekmar.com.uy\/wp-content\/uploads\/2025\/08\/Catalogo-2023_UY-Pagnifique-2.pdf\" target=\"_blank\" rel=\"noreferrer noopener\">Cat\u00e1logo Pagnifique<\/a><\/div>\n\n\n\n<div class=\"wp-block-file\"><a id=\"wp-block-file--media-c699e90b-19a7-4ff1-8437-dfe9a85afe9f\" href=\"http:\/\/bekmar.com.uy\/wp-content\/uploads\/2025\/08\/Panes-Rusticos-Pagnifique.pdf\" target=\"_blank\" rel=\"noreferrer noopener\">Cat\u00e1logo Panes Ru\u0301sticos Pagnifique<\/a><\/div>\n<\/div>\n<\/div>\n\n\n\n<div class=\"wp-block-columns is-layout-flex wp-container-core-columns-is-layout-28f84493 wp-block-columns-is-layout-flex\">\n<div class=\"wp-block-column is-layout-flow wp-block-column-is-layout-flow\" style=\"flex-basis:33.33%\">\n<h2 class=\"wp-block-heading\" id=\"punta-ballena\">Punta Ballena<\/h2>\n\n\n\n<p>Punta Ballena ofrece un portafolio completo: <strong>alfajores premium y masivos<\/strong> (con l\u00edneas finas), <strong>dulces<\/strong> como dulce de leche y bombones, <strong>panificados y galleter\u00eda<\/strong>, <strong>snacks y galletas saladas<\/strong>, y <strong>golosinas<\/strong> de marcas representadas, con foco en la <strong>calidad<\/strong> y la <strong>presentaci\u00f3n<\/strong>.<\/p>\n\n\n\n<div class=\"wp-block-file\"><a id=\"wp-block-file--media-06704165-134d-4e99-aad4-b8f8a5eeb531\" href=\"http:\/\/bekmar.com.uy\/wp-content\/uploads\/2025\/08\/Catalogo-Punta-Ballena.pdf\" target=\"_blank\" rel=\"noreferrer noopener\">Catalogo Punta Ballena<\/a><\/div>\n<\/div>\n\n\n\n<div class=\"wp-block-column is-layout-flow wp-block-column-is-layout-flow\" style=\"flex-basis:66.66%\">\n<figure class=\"wp-block-image size-large\"><img loading=\"lazy\" decoding=\"async\" width=\"1024\" height=\"759\" src=\"https:\/\/bekmar.com.uy\/wp-content\/uploads\/2025\/08\/punta-banner-1024x759.png\" alt=\"\" class=\"wp-image-215\" srcset=\"https:\/\/bekmar.com.uy\/wp-content\/uploads\/2025\/08\/punta-banner-1024x759.png 1024w, https:\/\/bekmar.com.uy\/wp-content\/uploads\/2025\/08\/punta-banner-300x223.png 300w, https:\/\/bekmar.com.uy\/wp-content\/uploads\/2025\/08\/punta-banner-768x570.png 768w, https:\/\/bekmar.com.uy\/wp-content\/uploads\/2025\/08\/punta-banner-600x445.png 600w, https:\/\/bekmar.com.uy\/wp-content\/uploads\/2025\/08\/punta-banner.png 1200w\" sizes=\"auto, (max-width: 1024px) 100vw, 1024px\" \/><\/figure>\n<\/div>\n<\/div>\n","protected":false},"excerpt":{"rendered":"<p>Pagnifique &#8211; Punta Ballena Pagnifique Desde cl\u00e1sicas baguettes y panes franceses hasta l\u00edneas integrales y rebanadas, m\u00e1s panes tiernos para [&hellip;]<\/p>\n","protected":false},"author":2,"featured_media":0,"parent":0,"menu_order":0,"comment_status":"closed","ping_status":"closed","template":"","meta":{"site-sidebar-layout":"default","site-content-layout":"","ast-site-content-layout":"default","site-content-style":"default","site-sidebar-style":"default","ast-global-header-display":"","ast-banner-title-visibility":"","ast-main-header-display":"","ast-hfb-above-header-display":"","ast-hfb-below-header-display":"","ast-hfb-mobile-header-display":"","site-post-title":"","ast-breadcrumbs-content":"","ast-featured-img":"","footer-sml-layout":"","theme-transparent-header-meta":"","adv-header-id-meta":"","stick-header-meta":"","header-above-stick-meta":"","header-main-stick-meta":"","header-below-stick-meta":"","astra-migrate-meta-layouts":"default","ast-page-background-enabled":"default","ast-page-background-meta":{"desktop":{"background-color":"var(--ast-global-color-5)","background-image":"","background-repeat":"repeat","background-position":"center center","background-size":"auto","background-attachment":"scroll","background-type":"","background-media":"","overlay-type":"","overlay-color":"","overlay-opacity":"","overlay-gradient":""},"tablet":{"background-color":"","background-image":"","background-repeat":"repeat","background-position":"center center","background-size":"auto","background-attachment":"scroll","background-type":"","background-media":"","overlay-type":"","overlay-color":"","overlay-opacity":"","overlay-gradient":""},"mobile":{"background-color":"","background-image":"","background-repeat":"repeat","background-position":"center center","background-size":"auto","background-attachment":"scroll","background-type":"","background-media":"","overlay-type":"","overlay-color":"","overlay-opacity":"","overlay-gradient":""}},"ast-content-background-meta":{"desktop":{"background-color":"var(--ast-global-color-4)","background-image":"","background-repeat":"repeat","background-position":"center center","background-size":"auto","background-attachment":"scroll","background-type":"","background-media":"","overlay-type":"","overlay-color":"","overlay-opacity":"","overlay-gradient":""},"tablet":{"background-color":"var(--ast-global-color-4)","background-image":"","background-repeat":"repeat","background-position":"center center","background-size":"auto","background-attachment":"scroll","background-type":"","background-media":"","overlay-type":"","overlay-color":"","overlay-opacity":"","overlay-gradient":""},"mobile":{"background-color":"var(--ast-global-color-4)","background-image":"","background-repeat":"repeat","background-position":"center center","background-size":"auto","background-attachment":"scroll","background-type":"","background-media":"","overlay-type":"","overlay-color":"","overlay-opacity":"","overlay-gradient":""}},"footnotes":""},"class_list":["post-257","page","type-page","status-publish","hentry"],"jetpack_sharing_enabled":true,"_links":{"self":[{"href":"https:\/\/bekmar.com.uy\/index.php?rest_route=\/wp\/v2\/pages\/257","targetHints":{"allow":["GET"]}}],"collection":[{"href":"https:\/\/bekmar.com.uy\/index.php?rest_route=\/wp\/v2\/pages"}],"about":[{"href":"https:\/\/bekmar.com.uy\/index.php?rest_route=\/wp\/v2\/types\/page"}],"author":[{"embeddable":true,"href":"https:\/\/bekmar.com.uy\/index.php?rest_route=\/wp\/v2\/users\/2"}],"replies":[{"embeddable":true,"href":"https:\/\/bekmar.com.uy\/index.php?rest_route=%2Fwp%2Fv2%2Fcomments&post=257"}],"version-history":[{"count":1,"href":"https:\/\/bekmar.com.uy\/index.php?rest_route=\/wp\/v2\/pages\/257\/revisions"}],"predecessor-version":[{"id":259,"href":"https:\/\/bekmar.com.uy\/index.php?rest_route=\/wp\/v2\/pages\/257\/revisions\/259"}],"wp:attachment":[{"href":"https:\/\/bekmar.com.uy\/index.php?rest_route=%2Fwp%2Fv2%2Fmedia&parent=257"}],"curies":[{"name":"wp","href":"https:\/\/api.w.org\/{rel}","templated":true}]}}